*g - 3*r - 1863, 0 = -5*r - 25. Let w = g + -425. Is w composite?
False
Suppose -20*g - 32 = -36*g. Is -1*g*(-56091)/42 prime?
True
Suppose j + j - 6 = 0. Let g be j - -244 - (-2 + -2). Suppose -3*b + g = 4*n, 0*n - n = -5*b - 57. Is n a prime number?
False
Let l(y) = 39*y + 15. Let f be l(3). Let r(p) = 64 + 45*p - f + 11. Is r(20) prime?
False
Let z be ((-4980)/(-18) - 0)/((-2)/(-39)). Let g = z + -2628. Is g prime?
True
Let i = 161332 - 113315. Is i a prime number?
True
Suppose 2*u + 11*u = -139*u + 167924584. Is u a composite number?
False
Let m(x) = 7*x**2 - 3*x + 9. Let q be m(6). Suppose -2*a = -3*n - 1879, -6*n + n = 4*a - 3791. Let d = a - q. Is d composite?
False
Let c be 1*(2 + 2 + 1). Let y(b) be the third derivative of 19*b**5/15 + b**4/8 - 11*b**3/3 + 13*b**2. Is y(c) a prime number?
False
Let z = -45833 - -66892. Is z composite?
False
Let r be (-12 + (-702)/(-36))*8/(-3). Let d(w) = -122*w - 339. Is d(r) prime?
False
Let x be ((-6)/4)/(2/(-3308)). Suppose -p - o = 120 - x, 4*p - 3*o - 9451 = 0. Is p a prime number?
False
Suppose 112*k - 115*k - 18 = 0, k = 6*q - 8230404. Is q a composite number?
True
Let v(t) be the third derivative of -t**5/60 + 13*t**4/8 + 167*t**3/6 - 5*t**2 + t. Is v(31) composite?
True
Let z(c) = 12150*c**2 - 24*c - 8 + 26 + 7. Is z(1) a composite number?
True
Suppose -3*r + 2*k = 6*k - 113745, -3*r = 5*k - 113742. Let f = r - 11485. Is f a composite number?
True
Suppose h + 476619 = 2*n - 943553, -4*n + 2840338 = -h. Is n composite?
True
Suppose 184*c - 36*c - 20669828 = 0. Is c a prime number?
True
Let s(t) = -2*t - 10. Let a(p) = -p - 9. Let v(z) = -3*a(z) + 2*s(z). Let w be v(11). Is w/(-5) + (-16510)/(-50) prime?
True
Suppose 4*a = 3*c + 22, -2*a + 15 = a - 3*c. Let y = a - 13. Let d(r) = -5*r + 1. Is d(y) composite?
False
Let k = -2609 - -57418. Is k composite?
True
Let c = 165898 + 240213. Is c a composite number?
True
Let k(b) = 3. Let u(n) = 301*n + 27. Let x(h) = -2*k(h) - u(h). Is x(-4) a composite number?
False
Let l be (-2)/((-169728)/(-84868) + -2). Let h = l + -14960. Is h prime?
True
Let p be 3 - (-5 - -6)*-894. Suppose g = -2*g + p. Suppose h + 2*n = g, -5*h + 0*n + 3*n + 1547 = 0. Is h a composite number?
False
Let p = 29 - 19. Is (p/2)/((-6)/(-318)) a prime number?
False
Suppose -961965 = 53*y - 124*y + 26*y. Is y composite?
False
Let f(l) = -5462*l + 135. Is f(-50) a prime number?
False
Let u(o) = o + 657. Let p be u(0). Let b = -1385 + 1307. Let w = p + b. Is w a composite number?
True
Let h = -150 + -75. Let z = 2972 + h. Is z composite?
True
Let q be (2868*(-21)/(-14))/(-1). Let m = q - -6139. Is m a prime number?
False
Let c = 197083 - 122594. Is c composite?
False
Suppose 7782 = 11*x - 14*x. Let b = -1790 - x. Let w = b + 391. Is w composite?
True
Let m(a) = -2*a - 4. Let p be m(-7). Suppose -p*z + 5390 = -3260. Is z a composite number?
True
Suppose t - l + 14 = -2*l, 3*l = -6. Let h be 3 + 33/t + (-64995)/(-4). Let n = -8808 + h. Is n a composite number?
True
Let j = -21 - -28. Suppose -60 - j = -o. Let r = -21 + o. Is r composite?
True
Let r(h) = h**2 - 9*h + 10. Let o be r(8). Let p(g) = -g**3 - g**2 - g + 4. Let d be p(o). Let a(k) = k**3 + 14*k**2 + 7*k - 4. Is a(d) a prime number?
False
Let l be ((-2)/(-3))/(6/27). Let u be (-3 + 1 + l)*2/(-2). Is (u*2)/((-1226)/(-307) - 4) a composite number?
False
Let y(x) = -93*x - 65. Let b(j) = -15*j - 126. Let v be b(-8). Is y(v) prime?
False
Let d = -52 - -48. Let y be (2/d)/(87/30 + -3). Suppose 4*q - 347 = -y*c, 3*c + 81 = q - 27. Is q a prime number?
False
Suppose 140*h - 139*h = 7448. Suppose 0 = -4*t - h + 25636. Is t a composite number?
False
Let j(v) = -205*v**3 + 5*v - 1. Let s(z) = -z**2 + z. Let c(b) = -j(b) + 4*s(b). Is c(3) a prime number?
False
Let h(y) = 3*y**2 + 6*y**2 + 0 + 5 + y. Suppose -2*j - 19 - 1 = -4*u, 0 = 4*u + 4*j - 20. Is h(u) a composite number?
True
Suppose 4*r = i + 2634, 5*r = -59*i + 57*i + 3299. Is r a prime number?
True
Let b be (-178213)/(-28) + (-5)/(-4). Suppose -10*i + 19744 + b = 0. Is i prime?
False
Let w be ((-228)/(-6) + 9/(-3))/(-1). Let p = -33 - w. Suppose 2*s - 33 = v, -5 = -p*v + 5. Is s a prime number?
True
Suppose 32 - 158 = -3*u. Let c = u + -40. Suppose -2*j = 2*z - 70, -c*j = -j + 4*z - 47. Is j composite?
False
Let l be 6/(-9) - (-96)/9. Suppose 6*m - l*m = -64. Suppose 11*q = m*q - 2785. Is q a prime number?
True
Let q be -2781 - (1/(-5))/(15/(-525)). Let x(c) = -127*c + 3. Let a be x(6). Let p = a - q. Is p a composite number?
False
Let b = -6725 + 12653. Suppose 2*q - b = -q. Suppose -2*y + q = -542. Is y prime?
True
Let c = -23793 - -52256. Is c a prime number?
True
Suppose -8*g = -15129 - 13287. Suppose -h - 517 + g = 0. Is h prime?
False
Let g(p) = 139*p**3 - 5*p**2 - 20*p + 121. Is g(7) a prime number?
False
Let m be (-2)/(-8) - (-1062)/8. Let i(q) = -313*q - 1. Let h be i(-1). Let k = h - m. Is k prime?
True
Suppose 0 = 2*k + 693 - 3077. Suppose 0 = -3*a + k + 2657. Is a prime?
True
Suppose -30 = -4*z - z. Suppose 7*l - z*l = 15. Suppose -18*x = -l*x - 273. Is x composite?
True
Let g = -6033 + 72746. Is g prime?
True
Let b(i) = -18*i**2 + 18*i - 2 + 0*i**3 - 8 + i**3 - 13. Let u be b(17). Is 40/(-12)*1017/u prime?
False
Let k = -203458 + 299793. Is k prime?
False
Let d(q) = 19*q + 251. Let c be d(-13). Suppose -2*w - 17988 = -4*n, -2*w = -c*n - 4*w + 18004. Is n composite?
True
Let c = -482045 - -927624. Is c a prime number?
False
Suppose 2*j + 274263 = 5*a, -189366 = -3*a - 5*j - 24802. Is a composite?
True
Let f = -107 - -110. Suppose z - 16 = -u - 2*u, f*u = 3*z. Is -2 + (z + 87 + -4 - -4) prime?
True
Suppose 49*b - 13031979 - 4186621 = -3634281. Is b a composite number?
False
Let q = 94029 - 55390. Is q composite?
False
Let x = 29592 - 6587. Let d = x - 10766. Is d a composite number?
False
Suppose -5 = b, -5*x - 1378774 = -8*x - b. Is x a composite number?
False
Let q(x) = -78*x - 26. Let n(d) = 52*d + 17. Let p(v) = -8*n(v) - 5*q(v). Let w be p(-3). Let f = w + 115. Is f a prime number?
False
Suppose 1952*o - 4927654 = 1918*o. Is o composite?
False
Let q be -671*(11/11 + (-68)/44). Suppose -3*z + 1672 = -2*b - 61, -4*b + 2859 = 5*z. Let s = z - q. Is s a composite number?
True
Suppose -4*y = 2*d - 68, 4*d + y = 6*y + 71. Suppose b - 3*t = d, -t + 2*t - 12 = -b. Let s(p) = p**3 - 15*p**2 + 14*p - 16. Is s(b) composite?
True
Suppose -14*x - 129470 = -13*x - 3*u, 258905 = -2*x - u. Is -2 - x/30 - 3/18 a prime number?
False
Let x(v) = 79*v**3 + 16*v**2 + 104*v - 1015. Is x(12) prime?
False
Let q = 222485 + 221454. Is q prime?
True
Suppose -62*l - 195788 = -64*l - 2*y, l - 2*y = 97915. Is l a composite number?
True
Suppose 3*p - 3*u + 14781 = 0, 2*u = -9*p + 10*p + 4929. Let l = p - -8734. Is l a composite number?
True
Suppose -16 = -n - 22. Let h(j) = 3*j + 22. Let a be h(n). Is (9776/14 - 0) + a/(-14) prime?
False
Let q = 2 - 1. Let j(f) = 3168*f**3 - 8*f**2 - f - 8. Let g(k) = -k**3 + 2*k**2 + 2. Let x(l) = 4*g(l) + j(l). Is x(q) composite?
False
Suppose 385*m - 379*m - 120 = 0. Suppose 0 = -4*o + m, -3*o - 9942 = -61*j + 58*j. Is j a composite number?
False
Let g(f) = 7*f**2 + 27*f + 1. Suppose 64 = -2*u - 2*u. Is g(u) a composite number?
False
Let k(t) = t**3 - 9*t**2 + 19*t - 27. Let n be k(7). Suppose -5*r + 27 = s, -s - 2*r = -5*s - 2. Suppose -n*f = -s*f - 6810. Is f a composite number?
True
Let m be (2 - 14/8) + 6055/4. Let j = m - 1023. Is j a composite number?
False
Suppose 2*l = -2*k - 326, 0 = -4*l - 2*k - 288 - 354. Let h = l - -7137. Is h composite?
True
Let o(l) = l - 20. Let p be o(20). Suppose p = -14*c + 1254 + 6320. Is c prime?
True
Let y(d) = -6*d - 16. Let g be y(-11). Let n = g - 12. Let o = 91 - n. Is o a prime number?
True
Let s = -44015 - -106054. Is s a composite number?
False
Suppose 0 = 5*r - 0*r. Suppose -209*l = -216*l + 476. Suppose r = 5*z + l - 253. Is z prime?
True
Suppose 4311 = -16*p + 19*p. Is -9*5/(-135)*p prime?
True
Let y(b) = -7147*b - 4317. Is y(-28) composite?
True
Suppose -15*y = -38*y + 138. Is (595910/(-245))/(y/(-21)) a composite number?
False
Let i = -23469 - -9003. Suppose -23 = 4*u - d, 5*u - 6*d + 3*d + 27 = 0. Is (-2 - -1)/(u/i*-1) prime?
True
Let t(m) be the second derivative of m**7/360 - 29*m**6/720 - m**5/120 + 13